{"id":252,"date":"2018-07-25T19:10:32","date_gmt":"2018-07-25T19:10:32","guid":{"rendered":"https:\/\/musikphilosophie.ch\/?page_id=252"},"modified":"2018-07-25T19:10:32","modified_gmt":"2018-07-25T19:10:32","slug":"elementetafel-des-modells","status":"publish","type":"page","link":"https:\/\/musikphilosophie.ch\/?page_id=252","title":{"rendered":"Elementetafel des Modells"},"content":{"rendered":"<p><img loading=\"lazy\" decoding=\"async\" class=\"alignnone  wp-image-253\" src=\"https:\/\/musikphilosophie.ch\/wp-content\/uploads\/2018\/07\/elementetafel-246x300.jpg\" alt=\"\" width=\"866\" height=\"1056\" srcset=\"https:\/\/musikphilosophie.ch\/wp-content\/uploads\/2018\/07\/elementetafel-246x300.jpg 246w, https:\/\/musikphilosophie.ch\/wp-content\/uploads\/2018\/07\/elementetafel-768x937.jpg 768w, https:\/\/musikphilosophie.ch\/wp-content\/uploads\/2018\/07\/elementetafel-839x1024.jpg 839w, https:\/\/musikphilosophie.ch\/wp-content\/uploads\/2018\/07\/elementetafel.jpg 1142w\" sizes=\"auto, (max-width: 866px) 100vw, 866px\" \/><\/p>\n<p>Die Tafel kann im Word-Format <a href=\"https:\/\/musikphilosophie.ch\/wp-content\/uploads\/2018\/07\/Elementetafel-des-Modells.docx\" target=\"_blank\" rel=\"noopener\">hier<\/a> ge\u00f6ffnet werden<\/p>\n<p><strong>Fragen:<\/strong><\/p>\n<ul>\n<li>Ist es sinnvoll, zu unterscheiden, welche Eigenschaften sinnlich und direkt wahrgenommen werden und welche bloss abstrakt abgeleitet werden? Was heisst in desem Fall \u00absinnlich\u00bb und \u00abdirekt\u00bb?<\/li>\n<li>K\u00f6nnen Lautst\u00e4rke, Tonh\u00f6he und Klangfarbe des \u03a6-Universum mit ihren Gegenst\u00fccken im \u03a8-Universum identifiziert werden? (Frage nach der Erkennbarkeit des Dinges an sich?) <em>Einsetzen\/Aufh\u00f6ren<\/em> k\u00f6nnen allerdings sicher nicht mit <em>Beginn<\/em> und <em>Ende<\/em> gleichgesetzt werden, schon nur, weil sie nicht die gleiche Metrik besitzen.<\/li>\n<li>In welches Universum geh\u00f6ren Gestalten? Sind Sie Teil eines homogenen Universums oder verteilen sie sich \u00fcber verschiedene Universen?<\/li>\n<\/ul>\n<p><strong>Anmerkungen:<\/strong><\/p>\n<ul>\n<li>abstrakte Relationen spielen eine wichtige Rolle beim aktiv Musizieren. Ein Jazzmusiker hat z.B. pr\u00e4sent, dass d\u2018 kleine Terz von H-Dur ist, auch wenn er B-Dur (und damit d\u2018 als grosse Terz) spielt. Modulationen und nicht Vorhersehbares ist nur \u00fcber abstrakte Relationen realisierbar (?)<\/li>\n<\/ul>\n","protected":false},"excerpt":{"rendered":"<p>Die Tafel kann im Word-Format hier ge\u00f6ffnet werden Fragen: Ist es sinnvoll, zu unterscheiden, welche Eigenschaften sinnlich und direkt wahrgenommen werden und welche bloss abstrakt abgeleitet werden? Was heisst in desem Fall \u00absinnlich\u00bb und \u00abdirekt\u00bb? K\u00f6nnen Lautst\u00e4rke, Tonh\u00f6he und Klangfarbe des \u03a6-Universum mit ihren Gegenst\u00fccken im \u03a8-Universum identifiziert werden? (Frage nach der Erkennbarkeit des Dinges an sich?) Einsetzen\/Aufh\u00f6ren k\u00f6nnen allerdings sicher nicht mit Beginn und Ende gleichgesetzt werden, schon nur, weil sie nicht die gleiche Metrik besitzen. In welches Universum geh\u00f6ren Gestalten? Sind Sie Teil eines homogenen Universums oder verteilen sie sich \u00fcber verschiedene Universen? Anmerkungen: abstrakte Relationen spielen eine wichtige Rolle beim aktiv Musizieren. Ein Jazzmusiker hat z.B. pr\u00e4sent, dass d\u2018 kleine Terz von H-Dur ist, auch wenn er<\/p>\n","protected":false},"author":1,"featured_media":0,"parent":0,"menu_order":0,"comment_status":"closed","ping_status":"closed","template":"","meta":{"footnotes":""},"class_list":["post-252","page","type-page","status-publish","hentry"],"_links":{"self":[{"href":"https:\/\/musikphilosophie.ch\/index.php?rest_route=\/wp\/v2\/pages\/252","targetHints":{"allow":["GET"]}}],"collection":[{"href":"https:\/\/musikphilosophie.ch\/index.php?rest_route=\/wp\/v2\/pages"}],"about":[{"href":"https:\/\/musikphilosophie.ch\/index.php?rest_route=\/wp\/v2\/types\/page"}],"author":[{"embeddable":true,"href":"https:\/\/musikphilosophie.ch\/index.php?rest_route=\/wp\/v2\/users\/1"}],"replies":[{"embeddable":true,"href":"https:\/\/musikphilosophie.ch\/index.php?rest_route=%2Fwp%2Fv2%2Fcomments&post=252"}],"version-history":[{"count":1,"href":"https:\/\/musikphilosophie.ch\/index.php?rest_route=\/wp\/v2\/pages\/252\/revisions"}],"predecessor-version":[{"id":255,"href":"https:\/\/musikphilosophie.ch\/index.php?rest_route=\/wp\/v2\/pages\/252\/revisions\/255"}],"wp:attachment":[{"href":"https:\/\/musikphilosophie.ch\/index.php?rest_route=%2Fwp%2Fv2%2Fmedia&parent=252"}],"curies":[{"name":"wp","href":"https:\/\/api.w.org\/{rel}","templated":true}]}}

<p><img loading="lazy" decoding="async" class="alignnone  wp-image-253" src="https://musikphilosophie.ch/wp-content/uploads/2018/07/elementetafel-246x300.jpg" alt="" width="866" height="1056" srcset="https://musikphilosophie.ch/wp-content/uploads/2018/07/elementetafel-246x300.jpg 246w, https://musikphilosophie.ch/wp-content/uploads/2018/07/elementetafel-768x937.jpg 768w, https://musikphilosophie.ch/wp-content/uploads/2018/07/elementetafel-839x1024.jpg 839w, https://musikphilosophie.ch/wp-content/uploads/2018/07/elementetafel.jpg 1142w" sizes="auto, (max-width: 866px) 100vw, 866px" /></p>
<p>Die Tafel kann im Word-Format <a href="https://musikphilosophie.ch/wp-content/uploads/2018/07/Elementetafel-des-Modells.docx" target="_blank" rel="noopener">hier</a> geöffnet werden</p>
<p><strong>Fragen:</strong></p>
<ul>
<li>Ist es sinnvoll, zu unterscheiden, welche Eigenschaften sinnlich und direkt wahrgenommen werden und welche bloss abstrakt abgeleitet werden? Was heisst in desem Fall «sinnlich» und «direkt»?</li>
<li>Können Lautstärke, Tonhöhe und Klangfarbe des Φ-Universum mit ihren Gegenstücken im Ψ-Universum identifiziert werden? (Frage nach der Erkennbarkeit des Dinges an sich?) <em>Einsetzen/Aufhören</em> können allerdings sicher nicht mit <em>Beginn</em> und <em>Ende</em> gleichgesetzt werden, schon nur, weil sie nicht die gleiche Metrik besitzen.</li>
<li>In welches Universum gehören Gestalten? Sind Sie Teil eines homogenen Universums oder verteilen sie sich über verschiedene Universen?</li>
</ul>
<p><strong>Anmerkungen:</strong></p>
<ul>
<li>abstrakte Relationen spielen eine wichtige Rolle beim aktiv Musizieren. Ein Jazzmusiker hat z.B. präsent, dass d‘ kleine Terz von H-Dur ist, auch wenn er B-Dur (und damit d‘ als grosse Terz) spielt. Modulationen und nicht Vorhersehbares ist nur über abstrakte Relationen realisierbar (?)</li>
</ul>

<p>Die Tafel kann im Word-Format hier geöffnet werden Fragen: Ist es sinnvoll, zu unterscheiden, welche Eigenschaften sinnlich und direkt wahrgenommen werden und welche bloss abstrakt abgeleitet werden? Was heisst in desem Fall «sinnlich» und «direkt»? Können Lautstärke, Tonhöhe und Klangfarbe des Φ-Universum mit ihren Gegenstücken im Ψ-Universum identifiziert werden? (Frage nach der Erkennbarkeit des Dinges an sich?) Einsetzen/Aufhören können allerdings sicher nicht mit Beginn und Ende gleichgesetzt werden, schon nur, weil sie nicht die gleiche Metrik besitzen. In welches Universum gehören Gestalten? Sind Sie Teil eines homogenen Universums oder verteilen sie sich über verschiedene Universen? Anmerkungen: abstrakte Relationen spielen eine wichtige Rolle beim aktiv Musizieren. Ein Jazzmusiker hat z.B. präsent, dass d‘ kleine Terz von H-Dur ist, auch wenn er</p>
